- 4 = 0, 5*j - 2*p - 528 = 0. Suppose 102*s + 364 = j*s. Calculate the greatest common factor of 26 and s.
26
Let v = 616 - 611. Suppose 5*h = -5*l + 20, -2*l + 11 = -0*l + h. What is the highest common divisor of l and v?
1
Let s = -5747 + 6719. What is the highest common divisor of 168 and s?
12
Suppose 7*l = 33 + 44. What is the greatest common factor of 14 and l?
1
Let m be -2 - -2 - -6 - (4 + -3)*-1305. Calculate the greatest common divisor of 627 and m.
57
Suppose -14*k = -11*k - 30. Let f be (24/10)/(-6) + (-46)/k. Let l be (-1 - (-112)/10) + 1/f. What is the highest common divisor of l and 90?
10
Let j = 10685 - 10647. What is the highest common factor of j and 9329?
19
Suppose -2*q = -6 - 0. Suppose p + q = 6. Let g be p + (2 - -4) + -4. Calculate the greatest common factor of g and 45.
5
Suppose -9 + 5 = o, 0 = -4*y - 5*o + 1408. Let j be (y/34)/((-6)/(-32)). Calculate the highest common factor of j and 7.
7
Let k = 6370 - 2715. Calculate the highest common divisor of 2150 and k.
215
Let p = 49 + -36. Suppose 3*r + p = -5*k - 10, -4*r = 3*k + 16. Let m = 3 - r. Calculate the highest common divisor of m and 12.
4
Suppose 5*x = -2*r - r + 124, -60 = -2*x + 4*r. Calculate the greatest common factor of x and 58942.
26
Let s(x) = 0*x**2 + 181*x - x**3 - 5*x**2 + 27 - 168*x. Let n be s(-9). Calculate the greatest common divisor of 26 and n.
26
Let o(f) = 6*f**2 - 14 + 5*f**2 + f**3 - f + 16. Let k be o(-10). What is the greatest common divisor of 42 and k?
14
Suppose 2*k - 506*z - 40 = -509*z, 4*z = 3*k - 26. Suppose 0 = -v, -4 = -5*u - 2*v + 6. What is the highest common factor of u and k?
2
Let g(x) = -8 - 2*x - 9*x**2 + x**3 + 13*x - 2 + 1. Suppose 0 = -42*l + 37*l + 40. Let p be g(l). What is the greatest common factor of 135 and p?
15
Let p(i) = 26*i**2 + 4*i - 4. Let j be p(3). Suppose 3*c - 88 = j. What is the highest common divisor of 44 and c?
22
Let j be (-16)/(-9) - (-4)/18. Suppose 4*p + 3*v = 132, -66 = -3*p + p + j*v. Suppose 0 = 5*x + p - 128. What is the highest common divisor of x and 19?
19
Let c be 1/(-3) + (-200)/(-6). Suppose 130*r - 2422 = 4728. Calculate the highest common factor of r and c.
11
Let x(t) = -6*t**3 + 73*t**2 + 9*t - 168. Let u be x(12). What is the highest common divisor of u and 406?
14
Suppose -2*b = 4*m - 1394, -b - 1040 = -4*m + 351. Suppose -3*z + 57 - m = 0. Let n = 74 - z. Calculate the highest common factor of 19 and n.
19
Suppose -838 - 153170 = -9*g. What is the highest common factor of g and 72?
24
Let m be 3 - 2*(-84)/(-7). Let h = m - -49. What is the highest common factor of h and 140?
28
Suppose -198 = -h - 3*t, -4*h = 5*t - 754 - 45. Let x = h - 48. What is the highest common factor of x and 18?
9
Let s = 1824 + 7033. What is the highest common factor of 17 and s?
17
Suppose 0*a - 8*a = -40. Suppose -44 = -a*g + 26. Calculate the highest common divisor of g and 98.
14
Suppose 5*l + 25 = 0, -5*j = -0*j - 4*l - 295. Let w be (0 + 0)/5 + 5. Suppose -11 = -w*z + 14. Calculate the highest common divisor of z and j.
5
Let u = 2679 + -2624. Calculate the highest common divisor of 11 and u.
11
Suppose -102 = -8*p + 42. Suppose p = -24*c + 18*c. Let f be (-6)/4*((-27)/3 - c). What is the greatest common factor of 3 and f?
3
Let d(o) = 98*o**2 - 15*o + 2. Let f be d(1). Let b = f - 77. Calculate the highest common divisor of b and 40.
8
Suppose 3*g = 2*d - 48, -4*d - d - g = -86. Let f = -204 + 208. Suppose 0 = -5*c + 5, c = f*m - 107. What is the greatest common divisor of m and d?
9
Suppose 2*y + 24 = 3*y. Let z(i) = 5*i**3 - 7*i**2 - 18*i + 4. Let l be z(5). Let b = -148 + l. Calculate the highest common divisor of y and b.
24
Let s = -11136 - -11161. Calculate the greatest common factor of 1240 and s.
5
Let d(p) = 10*p**2 - 9*p + 11. Let z be d(5). What is the greatest common factor of z and 1248?
24
Let c(y) = -6*y**2 - 517 + 4*y**3 + y + 510 - 4*y - 3*y**3. Let l be (-47)/(-7) - 4/(-14). Let p be c(l). Calculate the greatest common divisor of 3 and p.
3
Suppose -f - 2*y + 96 = 0, -f + 58 + 40 = 3*y. Calculate the greatest common factor of 1679 and f.
23
Suppose 2*o + 3*p = 5, -o - o - p = -11. Let b = 41 + -38. Suppose -b*v - 5*m = -27, 0 = -3*v - 0*v + 4*m + 54. Calculate the highest common factor of o and v.
7
Let h(v) = 10*v**2 + 3*v - 1. Let c be h(-4). Suppose 84*i - 24 = 76*i. Suppose i*j - 147 = -4*j. What is the highest common divisor of j and c?
21
Suppose 5*r = 4*f + r - 324, -3*f - r = -235. Calculate the greatest common divisor of 79 and f.
79
Let y be (-33)/(-6)*(12/(-27) - (-440)/99). What is the greatest common divisor of 1166 and y?
22
Let m(a) = 272*a**3 - a**2 + 3*a - 2. Let q be m(1). Suppose 5*b = 4*o - q, 5*b = o - 11 - 57. Calculate the greatest common divisor of o and 170.
34
Suppose 5*v + 5*l - 80 = 0, 2*l - 99 = -4*v - 33. Let x(q) = -6*q**3 + 100*q**2 + 49*q - 873. Let d be x(16). Calculate the highest common divisor of v and d.
17
Suppose 33 = 4*c - 19. Let v = -109 - -119. Let z = 62 - v. What is the highest common factor of c and z?
13
Suppose 1173 = 2*j - f, -5*j - 5*f + 3292 = 397. What is the highest common divisor of j and 2?
2
Suppose -85 = -3*i - 2*i. Suppose -4*o - 67 - i = -4*a, -4 = o. Suppose l - 18 = -x, 0 = -2*l + 4*x + 29 + 1. Calculate the highest common factor of l and a.
17
Let y = 20542 + -3967. Calculate the greatest common divisor of y and 1300.
325
Let w = 35 + -33. Suppose w = 6*j - 526. Let g be (88/28)/(1/7). Calculate the highest common divisor of g and j.
22
Suppose q = 16 + 22. Let x = q + 3. Let g(w) = 2*w**3 + 2*w**2 + 3*w - 8. Let b be g(4). Calculate the highest common factor of x and b.
41
Suppose 0 = -7*q + 150 + 18. Let l = -26 + q. Let d be 7/((l + -1)/(-12)). What is the greatest common divisor of 112 and d?
28
Suppose -2002 = 7*c + 903. Let t = -287 - c. Suppose 3*j = 4*o - 140, 0*o = o + 4*j - 16. What is the highest common factor of t and o?
32
Let z(b) = 33*b + b**2 - 60*b - 42 - 8 + 24*b. Let y be z(13). Calculate the greatest common factor of y and 100.
20
Let i = 29544 + -29543. Let f = -28 + 57. What is the highest common divisor of i and f?
1
Let g(t) = -t**2 + 16 - 19*t + 55*t - 18*t. Let l be g(13). What is the greatest common divisor of l and 3?
3
Let y = 125 + -123. Let a(s) = -14 + s**3 - y*s**3 + 31*s - 2*s**2 - 11*s**2 + 47. Let j be a(-15). What is the highest common factor of j and 30?
6
Let i = 3417 - 2283. Calculate the highest common divisor of i and 630.
126
Suppose -8*f - 5*f = -3809. Suppose u + 2*u + 2*r = -f, u + 91 = -4*r. Let w = 113 + u. What is the highest common divisor of w and 14?
14
Let g be ((-2)/(-3))/(9/162). Let b = g - 8. Suppose 799 = 32*d - 865. What is the greatest common divisor of b and d?
4
Suppose 104*x + 183*x - 459 = -172*x. What is the greatest common factor of x and 1013?
1
Suppose -t - 5*u - 4 = 0, -t + 14 = -u + 6. Let v be (-15*70/(-200))/(t/416). Calculate the highest common divisor of v and 56.
28
Suppose -16*i - 3*i + 374 = 3*i. Suppose q - 3 = -2*q. What is the highest common factor of q and i?
1
Suppose 359*v - 57309 + 21768 = 0. What is the highest common factor of v and 14223?
33
Let u(n) = n**3 - 12*n**2 - 8*n - 10. Let z be u(13). Suppose -9*b - 92 = -2. Let i be (77/35)/((-2)/b). Calculate the greatest common divisor of i and z.
11
Suppose -m + 5*c = -22243, 3*m - 21888 = 4*c + 44786. What is the greatest common divisor of 42 and m?
42
Suppose 0 = -5*p - a - 176, 11 = -p + 5*a - 19. Let j be (-10)/p - 390/(-7). Calculate the greatest common divisor of j and 8.
8
Let h be 48/(((-4)/84)/(18/(-81))). Calculate the greatest common divisor of h and 476.
28
Let f = 65 + 5270. Calculate the highest common divisor of f and 110.
55
Let p be 0 + (106/1 - 1). Suppose -3*t + 29*i + 386 = 28*i, -5*i - 40 = 0. Calculate the highest common factor of p and t.
21
Suppose 4*y + b = 12, -5*b - 16 = -2*y - 3*b. Suppose -1 = w, w - 4*w = y*s - 61. Let f = -140454 + 140534. Calculate the greatest common divisor of s and f.
16
Suppose -2*n + 0*m + 675 = -3*m, 0 = -4*n + m + 1345. Let a = -261 + n. What is the greatest common divisor of a and 50?
25
Let l(a) = -207*a + 2254. Let y be l(7). What is the greatest common factor of y and 345?
115
Suppose 30 = 2*j - 0. Let x be 3/((-5)/(-10